{"version":"1.0","provider_name":"Demosmobilia","provider_url":"https:\/\/www.demosmobilia.ch\/fr\/","author_name":"demosmobilia","author_url":"https:\/\/www.demosmobilia.ch\/fr\/author\/demosmobilia\/","title":"Tables d'appoint mod\u00e8le T2 &#8211; Demosmobilia","type":"rich","width":600,"height":338,"html":"<blockquote class=\"wp-embedded-content\" data-secret=\"pO0KA44aHr\"><a href=\"https:\/\/www.demosmobilia.ch\/fr\/product\/tables-dappoint-modele-t2\/\">Tables d&rsquo;appoint mod\u00e8le T2<\/a><\/blockquote><iframe sandbox=\"allow-scripts\" security=\"restricted\" src=\"https:\/\/www.demosmobilia.ch\/fr\/product\/tables-dappoint-modele-t2\/embed\/#?secret=pO0KA44aHr\" width=\"600\" height=\"338\" title=\"\u00ab\u00a0Tables d&rsquo;appoint mod\u00e8le T2\u00a0\u00bb &#8212; Demosmobilia\" data-secret=\"pO0KA44aHr\" frameborder=\"0\" marginwidth=\"0\" marginheight=\"0\" scrolling=\"no\" class=\"wp-embedded-content\"><\/iframe><script>\n\/*! This file is auto-generated *\/\n!function(d,l){\"use strict\";l.querySelector&&d.addEventListener&&\"undefined\"!=typeof URL&&(d.wp=d.wp||{},d.wp.receiveEmbedMessage||(d.wp.receiveEmbedMessage=function(e){var t=e.data;if((t||t.secret||t.message||t.value)&&!\/[^a-zA-Z0-9]\/.test(t.secret)){for(var s,r,n,a=l.querySelectorAll('iframe[data-secret=\"'+t.secret+'\"]'),o=l.querySelectorAll('blockquote[data-secret=\"'+t.secret+'\"]'),c=new RegExp(\"^https?:$\",\"i\"),i=0;i<o.length;i++)o[i].style.display=\"none\";for(i=0;i<a.length;i++)s=a[i],e.source===s.contentWindow&&(s.removeAttribute(\"style\"),\"height\"===t.message?(1e3<(r=parseInt(t.value,10))?r=1e3:~~r<200&&(r=200),s.height=r):\"link\"===t.message&&(r=new URL(s.getAttribute(\"src\")),n=new URL(t.value),c.test(n.protocol))&&n.host===r.host&&l.activeElement===s&&(d.top.location.href=t.value))}},d.addEventListener(\"message\",d.wp.receiveEmbedMessage,!1),l.addEventListener(\"DOMContentLoaded\",function(){for(var e,t,s=l.querySelectorAll(\"iframe.wp-embedded-content\"),r=0;r<s.length;r++)(t=(e=s[r]).getAttribute(\"data-secret\"))||(t=Math.random().toString(36).substring(2,12),e.src+=\"#?secret=\"+t,e.setAttribute(\"data-secret\",t)),e.contentWindow.postMessage({message:\"ready\",secret:t},\"*\")},!1)))}(window,document);\n\/\/# sourceURL=https:\/\/www.demosmobilia.ch\/wp-includes\/js\/wp-embed.min.js\n<\/script>\n","thumbnail_url":"https:\/\/www.demosmobilia.ch\/wp-content\/uploads\/2026\/04\/Osvaldo-bosrsani-gueridon-side-table-T2-Tecno-1960-01-1.jpg","thumbnail_width":1200,"thumbnail_height":900,"description":"Osvaldo Borsani (1911\u20131985) est une figure centrale du design italien du XXe si\u00e8cle, reconnu pour avoir su r\u00e9unir architecture, artisanat et production industrielle dans un langage coh\u00e9rent et innovant. Architecte et designer, il d\u00e9veloppe une vision moderne de l\u2019habitat dans laquelle esth\u00e9tique et fonctionnalit\u00e9 coexistent en \u00e9quilibre, contribuant de mani\u00e8re d\u00e9cisive \u00e0 l\u2019\u00e9mergence du design italien contemporain. Dans l\u2019apr\u00e8s-guerre, il fonde et dirige l\u2019Atelier Borsani Varedo, \u00e9volution de la soci\u00e9t\u00e9 familiale historique Arredamenti Borsani Varedo. Cet atelier marque un tournant dans la production du design italien : il associe la tradition artisanale de la Brianza \u00e0 une approche exp\u00e9rimentale et projetuelle. Il donne ainsi naissanceRead More &rarr;"}

Tables d'appoint modèle T2 &#8211; Demosmobilia

<blockquote class="wp-embedded-content" data-secret="pO0KA44aHr"><a href="https://www.demosmobilia.ch/fr/product/tables-dappoint-modele-t2/">Tables d&rsquo;appoint modèle T2</a></blockquote><iframe sandbox="allow-scripts" security="restricted" src="https://www.demosmobilia.ch/fr/product/tables-dappoint-modele-t2/embed/#?secret=pO0KA44aHr" width="600" height="338" title="« Tables d&rsquo;appoint modèle T2 » &#8212; Demosmobilia" data-secret="pO0KA44aHr" frameborder="0" marginwidth="0" marginheight="0" scrolling="no" class="wp-embedded-content"></iframe><script>
/*! This file is auto-generated */
!function(d,l){"use strict";l.querySelector&&d.addEventListener&&"undefined"!=typeof URL&&(d.wp=d.wp||{},d.wp.receiveEmbedMessage||(d.wp.receiveEmbedMessage=function(e){var t=e.data;if((t||t.secret||t.message||t.value)&&!/[^a-zA-Z0-9]/.test(t.secret)){for(var s,r,n,a=l.querySelectorAll('iframe[data-secret="'+t.secret+'"]'),o=l.querySelectorAll('blockquote[data-secret="'+t.secret+'"]'),c=new RegExp("^https?:$","i"),i=0;i<o.length;i++)o[i].style.display="none";for(i=0;i<a.length;i++)s=a[i],e.source===s.contentWindow&&(s.removeAttribute("style"),"height"===t.message?(1e3<(r=parseInt(t.value,10))?r=1e3:~~r<200&&(r=200),s.height=r):"link"===t.message&&(r=new URL(s.getAttribute("src")),n=new URL(t.value),c.test(n.protocol))&&n.host===r.host&&l.activeElement===s&&(d.top.location.href=t.value))}},d.addEventListener("message",d.wp.receiveEmbedMessage,!1),l.addEventListener("DOMContentLoaded",function(){for(var e,t,s=l.querySelectorAll("iframe.wp-embedded-content"),r=0;r<s.length;r++)(t=(e=s[r]).getAttribute("data-secret"))||(t=Math.random().toString(36).substring(2,12),e.src+="#?secret="+t,e.setAttribute("data-secret",t)),e.contentWindow.postMessage({message:"ready",secret:t},"*")},!1)))}(window,document);
//# sourceURL=https://www.demosmobilia.ch/wp-includes/js/wp-embed.min.js
</script>

Osvaldo Borsani (1911–1985) est une figure centrale du design italien du XXe siècle, reconnu pour avoir su réunir architecture, artisanat et production industrielle dans un langage cohérent et innovant. Architecte et designer, il développe une vision moderne de l’habitat dans laquelle esthétique et fonctionnalité coexistent en équilibre, contribuant de manière décisive à l’émergence du design italien contemporain. Dans l’après-guerre, il fonde et dirige l’Atelier Borsani Varedo, évolution de la société familiale historique Arredamenti Borsani Varedo. Cet atelier marque un tournant dans la production du design italien : il associe la tradition artisanale de la Brianza à une approche expérimentale et projetuelle. Il donne ainsi naissanceRead More &rarr;
