{"version":"1.0","provider_name":"Demosmobilia","provider_url":"https:\/\/www.demosmobilia.ch\/fr\/","author_name":"demosmobilia","author_url":"https:\/\/www.demosmobilia.ch\/fr\/author\/demosmobilia\/","title":"Table d'appoint, gu\u00e9ridon embl\u00e9matique, mod\u00e8le Traccia &#8211; Demosmobilia","type":"rich","width":600,"height":338,"html":"<blockquote class=\"wp-embedded-content\" data-secret=\"1S4y1eJd8g\"><a href=\"https:\/\/www.demosmobilia.ch\/fr\/product\/table-dappoint-gueridon-emblematique-modele-traccia\/\">Table d&rsquo;appoint, gu\u00e9ridon embl\u00e9matique, mod\u00e8le Traccia<\/a><\/blockquote><iframe sandbox=\"allow-scripts\" security=\"restricted\" src=\"https:\/\/www.demosmobilia.ch\/fr\/product\/table-dappoint-gueridon-emblematique-modele-traccia\/embed\/#?secret=1S4y1eJd8g\" width=\"600\" height=\"338\" title=\"\u00ab\u00a0Table d&rsquo;appoint, gu\u00e9ridon embl\u00e9matique, mod\u00e8le Traccia\u00a0\u00bb &#8212; Demosmobilia\" data-secret=\"1S4y1eJd8g\" frameborder=\"0\" marginwidth=\"0\" marginheight=\"0\" scrolling=\"no\" class=\"wp-embedded-content\"><\/iframe><script>\n\/*! This file is auto-generated *\/\n!function(d,l){\"use strict\";l.querySelector&&d.addEventListener&&\"undefined\"!=typeof URL&&(d.wp=d.wp||{},d.wp.receiveEmbedMessage||(d.wp.receiveEmbedMessage=function(e){var t=e.data;if((t||t.secret||t.message||t.value)&&!\/[^a-zA-Z0-9]\/.test(t.secret)){for(var s,r,n,a=l.querySelectorAll('iframe[data-secret=\"'+t.secret+'\"]'),o=l.querySelectorAll('blockquote[data-secret=\"'+t.secret+'\"]'),c=new RegExp(\"^https?:$\",\"i\"),i=0;i<o.length;i++)o[i].style.display=\"none\";for(i=0;i<a.length;i++)s=a[i],e.source===s.contentWindow&&(s.removeAttribute(\"style\"),\"height\"===t.message?(1e3<(r=parseInt(t.value,10))?r=1e3:~~r<200&&(r=200),s.height=r):\"link\"===t.message&&(r=new URL(s.getAttribute(\"src\")),n=new URL(t.value),c.test(n.protocol))&&n.host===r.host&&l.activeElement===s&&(d.top.location.href=t.value))}},d.addEventListener(\"message\",d.wp.receiveEmbedMessage,!1),l.addEventListener(\"DOMContentLoaded\",function(){for(var e,t,s=l.querySelectorAll(\"iframe.wp-embedded-content\"),r=0;r<s.length;r++)(t=(e=s[r]).getAttribute(\"data-secret\"))||(t=Math.random().toString(36).substring(2,12),e.src+=\"#?secret=\"+t,e.setAttribute(\"data-secret\",t)),e.contentWindow.postMessage({message:\"ready\",secret:t},\"*\")},!1)))}(window,document);\n\/\/# sourceURL=https:\/\/www.demosmobilia.ch\/wp-includes\/js\/wp-embed.min.js\n<\/script>\n","thumbnail_url":"https:\/\/www.demosmobilia.ch\/wp-content\/uploads\/2026\/04\/meret-oppenheim-traccia-occasional-table-Gavina-1972-art-design-simon-gavina-01-1.jpg","thumbnail_width":1200,"thumbnail_height":900,"description":"Meret Oppenheim (1913\u20131985) est l\u2019une des figures majeures du surr\u00e9alisme europ\u00e9en et l\u2019une des rares artistes femmes pleinement reconnues au sein de ce mouvement. N\u00e9e \u00e0 Berlin et \u00e9lev\u00e9e en Suisse, elle se forme \u00e0 B\u00e2le puis \u00e0 Paris, o\u00f9 elle entre dans les ann\u00e9es 1930 en contact avec des figures cl\u00e9s telles qu\u2019Alberto Giacometti, Max Ernst, Marcel Duchamp et Man Ray, devenant une membre active du cercle surr\u00e9aliste. Son \u0153uvre la plus c\u00e9l\u00e8bre, D\u00e9jeuner en fourrure (1936), une tasse recouverte de fourrure, incarne parfaitement sa vision artistique : la transformation po\u00e9tique et d\u00e9rangeante des objets du quotidien. Parall\u00e8lement \u00e0 la peinture et \u00e0 laRead More &rarr;"}

Table d'appoint, guéridon emblématique, modèle Traccia &#8211; Demosmobilia

<blockquote class="wp-embedded-content" data-secret="1S4y1eJd8g"><a href="https://www.demosmobilia.ch/fr/product/table-dappoint-gueridon-emblematique-modele-traccia/">Table d&rsquo;appoint, guéridon emblématique, modèle Traccia</a></blockquote><iframe sandbox="allow-scripts" security="restricted" src="https://www.demosmobilia.ch/fr/product/table-dappoint-gueridon-emblematique-modele-traccia/embed/#?secret=1S4y1eJd8g" width="600" height="338" title="« Table d&rsquo;appoint, guéridon emblématique, modèle Traccia » &#8212; Demosmobilia" data-secret="1S4y1eJd8g" frameborder="0" marginwidth="0" marginheight="0" scrolling="no" class="wp-embedded-content"></iframe><script>
/*! This file is auto-generated */
!function(d,l){"use strict";l.querySelector&&d.addEventListener&&"undefined"!=typeof URL&&(d.wp=d.wp||{},d.wp.receiveEmbedMessage||(d.wp.receiveEmbedMessage=function(e){var t=e.data;if((t||t.secret||t.message||t.value)&&!/[^a-zA-Z0-9]/.test(t.secret)){for(var s,r,n,a=l.querySelectorAll('iframe[data-secret="'+t.secret+'"]'),o=l.querySelectorAll('blockquote[data-secret="'+t.secret+'"]'),c=new RegExp("^https?:$","i"),i=0;i<o.length;i++)o[i].style.display="none";for(i=0;i<a.length;i++)s=a[i],e.source===s.contentWindow&&(s.removeAttribute("style"),"height"===t.message?(1e3<(r=parseInt(t.value,10))?r=1e3:~~r<200&&(r=200),s.height=r):"link"===t.message&&(r=new URL(s.getAttribute("src")),n=new URL(t.value),c.test(n.protocol))&&n.host===r.host&&l.activeElement===s&&(d.top.location.href=t.value))}},d.addEventListener("message",d.wp.receiveEmbedMessage,!1),l.addEventListener("DOMContentLoaded",function(){for(var e,t,s=l.querySelectorAll("iframe.wp-embedded-content"),r=0;r<s.length;r++)(t=(e=s[r]).getAttribute("data-secret"))||(t=Math.random().toString(36).substring(2,12),e.src+="#?secret="+t,e.setAttribute("data-secret",t)),e.contentWindow.postMessage({message:"ready",secret:t},"*")},!1)))}(window,document);
//# sourceURL=https://www.demosmobilia.ch/wp-includes/js/wp-embed.min.js
</script>

Meret Oppenheim (1913–1985) est l’une des figures majeures du surréalisme européen et l’une des rares artistes femmes pleinement reconnues au sein de ce mouvement. Née à Berlin et élevée en Suisse, elle se forme à Bâle puis à Paris, où elle entre dans les années 1930 en contact avec des figures clés telles qu’Alberto Giacometti, Max Ernst, Marcel Duchamp et Man Ray, devenant une membre active du cercle surréaliste. Son œuvre la plus célèbre, Déjeuner en fourrure (1936), une tasse recouverte de fourrure, incarne parfaitement sa vision artistique : la transformation poétique et dérangeante des objets du quotidien. Parallèlement à la peinture et à laRead More &rarr;
