{"id":45738,"date":"2019-01-27T12:00:00","date_gmt":"2019-01-27T11:00:00","guid":{"rendered":"https:\/\/www.demosmobilia.ch\/product\/teppich-mod-2\/"},"modified":"2019-01-27T12:00:00","modified_gmt":"2019-01-27T11:00:00","slug":"teppich-mod-2","status":"publish","type":"product","link":"https:\/\/www.demosmobilia.ch\/de\/product\/teppich-mod-2\/","title":{"rendered":"Teppich mod. Wellen"},"content":{"rendered":"<p>Ico Parisi (Palermo 1916 &#8211; Como 1996) war eine der besonders ausdrucksstarken Figuren der &#8218;900er Kultur. Im Jahr 1936 beginnt er eine Lehre im Studio Terragni und 1950 schlie\u00dft er sein Architekturstudium in Lausanne ab. Im Laufe seiner Karriere arbeitet er als Architekt (man erinnere sich u.a. an den Pavillon Soggiorno der X. Triennale in Mailand, 1954, an die Kirche Santa Maria dell&#8217;Osa in Fonteblanda, Grosseto, 1962, und an zahlreiche Privath\u00e4user), als Designer (M\u00f6bel, Objekte, Brillen usw.), als &#8222;Mann der Utopien&#8220;, der mit einer Reihe von provokanten und ironischen Vorschl\u00e4gen Gegenwart und Zukunft aufgreift. Seine architektonische Forschung hat oft in der Logik der Integration der K\u00fcnste operiert, indem er zeitgen\u00f6ssische K\u00fcnstler in seine Projekte einbezog, darunter Mario Radice, Lucio Fontana, Francesco Somaini, Alberto Burri, Fausto Melotti, C\u00e9sar, aber auch Leute wie Michelangelo Antonioni.<\/p>\n","protected":false},"excerpt":{"rendered":"<p>Ico Parisi (Palermo 1916 &#8211; Como 1996) war eine der besonders ausdrucksstarken Figuren der &#8218;900er Kultur. Im Jahr 1936 beginnt er eine Lehre im Studio Terragni und 1950 schlie\u00dft er sein Architekturstudium in Lausanne ab. Im Laufe seiner Karriere arbeitet er als Architekt (man erinnere sich u.a. an den Pavillon Soggiorno der X. Triennale in Mailand, 1954, an die Kirche Santa Maria dell&#8217;Osa in Fonteblanda, Grosseto, 1962, und an zahlreiche Privath\u00e4user), als Designer (M\u00f6bel, Objekte, Brillen usw.), als &#8222;Mann der Utopien&#8220;, der mit einer Reihe von provokanten und ironischen Vorschl\u00e4gen Gegenwart und Zukunft aufgreift. Seine architektonische Forschung hat oft in der Logik der Integration der<a class=\"more-link\" href=\"https:\/\/www.demosmobilia.ch\/de\/product\/teppich-mod-2\/\">Read More &rarr;<\/a><\/p>\n","protected":false},"featured_media":45739,"template":"","meta":{"_monsterinsights_skip_tracking":false,"_monsterinsights_sitenote_active":false,"_monsterinsights_sitenote_note":"","_monsterinsights_sitenote_category":0,"kk_blocks_editor_width":"","_kiokenblocks_attr":"","_kiokenblocks_dimensions":""},"product_cat":[4149],"product_tag":[6478],"class_list":{"0":"entry","1":"author-demosmobilia","2":"post-45738","3":"product","4":"type-product","5":"status-publish","6":"has-post-thumbnail","7":"product_production-amini","8":"product_year-contemporary","9":"product_nation-italien-de","10":"product_cat-amini-teppiche","11":"product_tag-parisi-ico-de","13":"first","14":"instock","15":"shipping-taxable","16":"product-type-simple"},"yoast_head":"<!-- This site is optimized with the Yoast SEO plugin v24.0 - https:\/\/yoast.com\/wordpress\/plugins\/seo\/ -->\n<title>Teppich mod. Wellen &#8211; demosmobilia<\/title>\n<meta name=\"robots\" content=\"index, follow, max-snippet:-1, max-image-preview:large, max-video-preview:-1\" \/>\n<link rel=\"canonical\" href=\"https:\/\/www.demosmobilia.ch\/de\/product\/teppich-mod-2\/\" \/>\n<meta property=\"og:locale\" content=\"de_DE\" \/>\n<meta property=\"og:type\" content=\"article\" \/>\n<meta property=\"og:title\" content=\"Teppich mod. Wellen &#8211; demosmobilia\" \/>\n<meta property=\"og:description\" content=\"Ico Parisi (Palermo 1916 &#8211; Como 1996) war eine der besonders ausdrucksstarken Figuren der &#8218;900er Kultur. Im Jahr 1936 beginnt er eine Lehre im Studio Terragni und 1950 schlie\u00dft er sein Architekturstudium in Lausanne ab. Im Laufe seiner Karriere arbeitet er als Architekt (man erinnere sich u.a. an den Pavillon Soggiorno der X. Triennale in Mailand, 1954, an die Kirche Santa Maria dell&#8217;Osa in Fonteblanda, Grosseto, 1962, und an zahlreiche Privath\u00e4user), als Designer (M\u00f6bel, Objekte, Brillen usw.), als &#8222;Mann der Utopien&#8220;, der mit einer Reihe von provokanten und ironischen Vorschl\u00e4gen Gegenwart und Zukunft aufgreift. Seine architektonische Forschung hat oft in der Logik der Integration derRead More &rarr;\" \/>\n<meta property=\"og:url\" content=\"https:\/\/www.demosmobilia.ch\/de\/product\/teppich-mod-2\/\" \/>\n<meta property=\"og:site_name\" content=\"demosmobilia\" \/>\n<meta property=\"article:publisher\" content=\"https:\/\/www.facebook.com\/Demos-Mobilia-1137017453131445\/\" \/>\n<meta property=\"og:image\" content=\"https:\/\/www.demosmobilia.ch\/wp-content\/uploads\/2019\/01\/onde_ico_parisi_amini_carpets_001.jpg\" \/>\n\t<meta property=\"og:image:width\" content=\"1200\" \/>\n\t<meta property=\"og:image:height\" content=\"900\" \/>\n\t<meta property=\"og:image:type\" content=\"image\/jpeg\" \/>\n<meta name=\"twitter:card\" content=\"summary_large_image\" \/>\n<meta name=\"twitter:label1\" content=\"Gesch\u00e4tzte Lesezeit\" \/>\n\t<meta name=\"twitter:data1\" content=\"1\u00a0Minute\" \/>\n<script type=\"application\/ld+json\" class=\"yoast-schema-graph\">{\"@context\":\"https:\/\/schema.org\",\"@graph\":[{\"@type\":\"WebPage\",\"@id\":\"https:\/\/www.demosmobilia.ch\/de\/product\/teppich-mod-2\/\",\"url\":\"https:\/\/www.demosmobilia.ch\/de\/product\/teppich-mod-2\/\",\"name\":\"Teppich mod. Wellen &#8211; demosmobilia\",\"isPartOf\":{\"@id\":\"https:\/\/www.demosmobilia.ch\/de\/#website\"},\"primaryImageOfPage\":{\"@id\":\"https:\/\/www.demosmobilia.ch\/de\/product\/teppich-mod-2\/#primaryimage\"},\"image\":{\"@id\":\"https:\/\/www.demosmobilia.ch\/de\/product\/teppich-mod-2\/#primaryimage\"},\"thumbnailUrl\":\"https:\/\/www.demosmobilia.ch\/wp-content\/uploads\/2019\/01\/onde_ico_parisi_amini_carpets_001.jpg\",\"datePublished\":\"2019-01-27T11:00:00+00:00\",\"dateModified\":\"2019-01-27T11:00:00+00:00\",\"breadcrumb\":{\"@id\":\"https:\/\/www.demosmobilia.ch\/de\/product\/teppich-mod-2\/#breadcrumb\"},\"inLanguage\":\"de\",\"potentialAction\":[{\"@type\":\"ReadAction\",\"target\":[\"https:\/\/www.demosmobilia.ch\/de\/product\/teppich-mod-2\/\"]}]},{\"@type\":\"ImageObject\",\"inLanguage\":\"de\",\"@id\":\"https:\/\/www.demosmobilia.ch\/de\/product\/teppich-mod-2\/#primaryimage\",\"url\":\"https:\/\/www.demosmobilia.ch\/wp-content\/uploads\/2019\/01\/onde_ico_parisi_amini_carpets_001.jpg\",\"contentUrl\":\"https:\/\/www.demosmobilia.ch\/wp-content\/uploads\/2019\/01\/onde_ico_parisi_amini_carpets_001.jpg\",\"width\":1200,\"height\":900},{\"@type\":\"BreadcrumbList\",\"@id\":\"https:\/\/www.demosmobilia.ch\/de\/product\/teppich-mod-2\/#breadcrumb\",\"itemListElement\":[{\"@type\":\"ListItem\",\"position\":1,\"name\":\"Home\",\"item\":\"https:\/\/www.demosmobilia.ch\/de\/\"},{\"@type\":\"ListItem\",\"position\":2,\"name\":\"Produkte\",\"item\":\"https:\/\/www.demosmobilia.ch\/de\/shop\/\"},{\"@type\":\"ListItem\",\"position\":3,\"name\":\"Teppich mod. Wellen\"}]},{\"@type\":\"WebSite\",\"@id\":\"https:\/\/www.demosmobilia.ch\/de\/#website\",\"url\":\"https:\/\/www.demosmobilia.ch\/de\/\",\"name\":\"demosmobilia\",\"description\":\"Vintage Mid Century Modern Design Furniture from the &#039;30s to the &#039;80s\",\"publisher\":{\"@id\":\"https:\/\/www.demosmobilia.ch\/de\/#organization\"},\"potentialAction\":[{\"@type\":\"SearchAction\",\"target\":{\"@type\":\"EntryPoint\",\"urlTemplate\":\"https:\/\/www.demosmobilia.ch\/de\/?s={search_term_string}\"},\"query-input\":{\"@type\":\"PropertyValueSpecification\",\"valueRequired\":true,\"valueName\":\"search_term_string\"}}],\"inLanguage\":\"de\"},{\"@type\":\"Organization\",\"@id\":\"https:\/\/www.demosmobilia.ch\/de\/#organization\",\"name\":\"demosmobilia\",\"url\":\"https:\/\/www.demosmobilia.ch\/de\/\",\"logo\":{\"@type\":\"ImageObject\",\"inLanguage\":\"de\",\"@id\":\"https:\/\/www.demosmobilia.ch\/de\/#\/schema\/logo\/image\/\",\"url\":\"https:\/\/www.demosmobilia.ch\/wp-content\/uploads\/2020\/07\/demosmobilia-logo-2020-230-160.png\",\"contentUrl\":\"https:\/\/www.demosmobilia.ch\/wp-content\/uploads\/2020\/07\/demosmobilia-logo-2020-230-160.png\",\"width\":230,\"height\":160,\"caption\":\"demosmobilia\"},\"image\":{\"@id\":\"https:\/\/www.demosmobilia.ch\/de\/#\/schema\/logo\/image\/\"},\"sameAs\":[\"https:\/\/www.facebook.com\/Demos-Mobilia-1137017453131445\/\",\"https:\/\/www.instagram.com\/demosmobilia\/\"]}]}<\/script>\n<!-- \/ Yoast SEO plugin. -->","yoast_head_json":{"title":"Teppich mod. Wellen &#8211; demosmobilia","robots":{"index":"index","follow":"follow","max-snippet":"max-snippet:-1","max-image-preview":"max-image-preview:large","max-video-preview":"max-video-preview:-1"},"canonical":"https:\/\/www.demosmobilia.ch\/de\/product\/teppich-mod-2\/","og_locale":"de_DE","og_type":"article","og_title":"Teppich mod. Wellen &#8211; demosmobilia","og_description":"Ico Parisi (Palermo 1916 &#8211; Como 1996) war eine der besonders ausdrucksstarken Figuren der &#8218;900er Kultur. Im Jahr 1936 beginnt er eine Lehre im Studio Terragni und 1950 schlie\u00dft er sein Architekturstudium in Lausanne ab. Im Laufe seiner Karriere arbeitet er als Architekt (man erinnere sich u.a. an den Pavillon Soggiorno der X. Triennale in Mailand, 1954, an die Kirche Santa Maria dell&#8217;Osa in Fonteblanda, Grosseto, 1962, und an zahlreiche Privath\u00e4user), als Designer (M\u00f6bel, Objekte, Brillen usw.), als &#8222;Mann der Utopien&#8220;, der mit einer Reihe von provokanten und ironischen Vorschl\u00e4gen Gegenwart und Zukunft aufgreift. Seine architektonische Forschung hat oft in der Logik der Integration derRead More &rarr;","og_url":"https:\/\/www.demosmobilia.ch\/de\/product\/teppich-mod-2\/","og_site_name":"demosmobilia","article_publisher":"https:\/\/www.facebook.com\/Demos-Mobilia-1137017453131445\/","og_image":[{"width":1200,"height":900,"url":"https:\/\/www.demosmobilia.ch\/wp-content\/uploads\/2019\/01\/onde_ico_parisi_amini_carpets_001.jpg","type":"image\/jpeg"}],"twitter_card":"summary_large_image","twitter_misc":{"Gesch\u00e4tzte Lesezeit":"1\u00a0Minute"},"schema":{"@context":"https:\/\/schema.org","@graph":[{"@type":"WebPage","@id":"https:\/\/www.demosmobilia.ch\/de\/product\/teppich-mod-2\/","url":"https:\/\/www.demosmobilia.ch\/de\/product\/teppich-mod-2\/","name":"Teppich mod. Wellen &#8211; demosmobilia","isPartOf":{"@id":"https:\/\/www.demosmobilia.ch\/de\/#website"},"primaryImageOfPage":{"@id":"https:\/\/www.demosmobilia.ch\/de\/product\/teppich-mod-2\/#primaryimage"},"image":{"@id":"https:\/\/www.demosmobilia.ch\/de\/product\/teppich-mod-2\/#primaryimage"},"thumbnailUrl":"https:\/\/www.demosmobilia.ch\/wp-content\/uploads\/2019\/01\/onde_ico_parisi_amini_carpets_001.jpg","datePublished":"2019-01-27T11:00:00+00:00","dateModified":"2019-01-27T11:00:00+00:00","breadcrumb":{"@id":"https:\/\/www.demosmobilia.ch\/de\/product\/teppich-mod-2\/#breadcrumb"},"inLanguage":"de","potentialAction":[{"@type":"ReadAction","target":["https:\/\/www.demosmobilia.ch\/de\/product\/teppich-mod-2\/"]}]},{"@type":"ImageObject","inLanguage":"de","@id":"https:\/\/www.demosmobilia.ch\/de\/product\/teppich-mod-2\/#primaryimage","url":"https:\/\/www.demosmobilia.ch\/wp-content\/uploads\/2019\/01\/onde_ico_parisi_amini_carpets_001.jpg","contentUrl":"https:\/\/www.demosmobilia.ch\/wp-content\/uploads\/2019\/01\/onde_ico_parisi_amini_carpets_001.jpg","width":1200,"height":900},{"@type":"BreadcrumbList","@id":"https:\/\/www.demosmobilia.ch\/de\/product\/teppich-mod-2\/#breadcrumb","itemListElement":[{"@type":"ListItem","position":1,"name":"Home","item":"https:\/\/www.demosmobilia.ch\/de\/"},{"@type":"ListItem","position":2,"name":"Produkte","item":"https:\/\/www.demosmobilia.ch\/de\/shop\/"},{"@type":"ListItem","position":3,"name":"Teppich mod. Wellen"}]},{"@type":"WebSite","@id":"https:\/\/www.demosmobilia.ch\/de\/#website","url":"https:\/\/www.demosmobilia.ch\/de\/","name":"demosmobilia","description":"Vintage Mid Century Modern Design Furniture from the &#039;30s to the &#039;80s","publisher":{"@id":"https:\/\/www.demosmobilia.ch\/de\/#organization"},"potentialAction":[{"@type":"SearchAction","target":{"@type":"EntryPoint","urlTemplate":"https:\/\/www.demosmobilia.ch\/de\/?s={search_term_string}"},"query-input":{"@type":"PropertyValueSpecification","valueRequired":true,"valueName":"search_term_string"}}],"inLanguage":"de"},{"@type":"Organization","@id":"https:\/\/www.demosmobilia.ch\/de\/#organization","name":"demosmobilia","url":"https:\/\/www.demosmobilia.ch\/de\/","logo":{"@type":"ImageObject","inLanguage":"de","@id":"https:\/\/www.demosmobilia.ch\/de\/#\/schema\/logo\/image\/","url":"https:\/\/www.demosmobilia.ch\/wp-content\/uploads\/2020\/07\/demosmobilia-logo-2020-230-160.png","contentUrl":"https:\/\/www.demosmobilia.ch\/wp-content\/uploads\/2020\/07\/demosmobilia-logo-2020-230-160.png","width":230,"height":160,"caption":"demosmobilia"},"image":{"@id":"https:\/\/www.demosmobilia.ch\/de\/#\/schema\/logo\/image\/"},"sameAs":["https:\/\/www.facebook.com\/Demos-Mobilia-1137017453131445\/","https:\/\/www.instagram.com\/demosmobilia\/"]}]}},"_links":{"self":[{"href":"https:\/\/www.demosmobilia.ch\/de\/wp-json\/wp\/v2\/product\/45738","targetHints":{"allow":["GET"]}}],"collection":[{"href":"https:\/\/www.demosmobilia.ch\/de\/wp-json\/wp\/v2\/product"}],"about":[{"href":"https:\/\/www.demosmobilia.ch\/de\/wp-json\/wp\/v2\/types\/product"}],"wp:featuredmedia":[{"embeddable":true,"href":"https:\/\/www.demosmobilia.ch\/de\/wp-json\/wp\/v2\/media\/45739"}],"wp:attachment":[{"href":"https:\/\/www.demosmobilia.ch\/de\/wp-json\/wp\/v2\/media?parent=45738"}],"wp:term":[{"taxonomy":"product_cat","embeddable":true,"href":"https:\/\/www.demosmobilia.ch\/de\/wp-json\/wp\/v2\/product_cat?post=45738"},{"taxonomy":"product_tag","embeddable":true,"href":"https:\/\/www.demosmobilia.ch\/de\/wp-json\/wp\/v2\/product_tag?post=45738"}],"curies":[{"name":"wp","href":"https:\/\/api.w.org\/{rel}","templated":true}]}}

<p>Ico Parisi (Palermo 1916 &#8211; Como 1996) war eine der besonders ausdrucksstarken Figuren der &#8218;900er Kultur. Im Jahr 1936 beginnt er eine Lehre im Studio Terragni und 1950 schließt er sein Architekturstudium in Lausanne ab. Im Laufe seiner Karriere arbeitet er als Architekt (man erinnere sich u.a. an den Pavillon Soggiorno der X. Triennale in Mailand, 1954, an die Kirche Santa Maria dell&#8217;Osa in Fonteblanda, Grosseto, 1962, und an zahlreiche Privathäuser), als Designer (Möbel, Objekte, Brillen usw.), als &#8222;Mann der Utopien&#8220;, der mit einer Reihe von provokanten und ironischen Vorschlägen Gegenwart und Zukunft aufgreift. Seine architektonische Forschung hat oft in der Logik der Integration der Künste operiert, indem er zeitgenössische Künstler in seine Projekte einbezog, darunter Mario Radice, Lucio Fontana, Francesco Somaini, Alberto Burri, Fausto Melotti, César, aber auch Leute wie Michelangelo Antonioni.</p>

<p>Ico Parisi (Palermo 1916 &#8211; Como 1996) war eine der besonders ausdrucksstarken Figuren der &#8218;900er Kultur. Im Jahr 1936 beginnt er eine Lehre im Studio Terragni und 1950 schließt er sein Architekturstudium in Lausanne ab. Im Laufe seiner Karriere arbeitet er als Architekt (man erinnere sich u.a. an den Pavillon Soggiorno der X. Triennale in Mailand, 1954, an die Kirche Santa Maria dell&#8217;Osa in Fonteblanda, Grosseto, 1962, und an zahlreiche Privathäuser), als Designer (Möbel, Objekte, Brillen usw.), als &#8222;Mann der Utopien&#8220;, der mit einer Reihe von provokanten und ironischen Vorschlägen Gegenwart und Zukunft aufgreift. Seine architektonische Forschung hat oft in der Logik der Integration der<a class="more-link" href="https://www.demosmobilia.ch/de/product/teppich-mod-2/">Read More &rarr;</a></p>

<!-- This site is optimized with the Yoast SEO plugin v24.0 - https://yoast.com/wordpress/plugins/seo/ -->
<title>Teppich mod. Wellen &#8211; demosmobilia</title>
<meta name="robots" content="index, follow, max-snippet:-1, max-image-preview:large, max-video-preview:-1" />
<link rel="canonical" href="https://www.demosmobilia.ch/de/product/teppich-mod-2/" />
<meta property="og:locale" content="de_DE" />
<meta property="og:type" content="article" />
<meta property="og:title" content="Teppich mod. Wellen &#8211; demosmobilia" />
<meta property="og:description" content="Ico Parisi (Palermo 1916 &#8211; Como 1996) war eine der besonders ausdrucksstarken Figuren der &#8218;900er Kultur. Im Jahr 1936 beginnt er eine Lehre im Studio Terragni und 1950 schließt er sein Architekturstudium in Lausanne ab. Im Laufe seiner Karriere arbeitet er als Architekt (man erinnere sich u.a. an den Pavillon Soggiorno der X. Triennale in Mailand, 1954, an die Kirche Santa Maria dell&#8217;Osa in Fonteblanda, Grosseto, 1962, und an zahlreiche Privathäuser), als Designer (Möbel, Objekte, Brillen usw.), als &#8222;Mann der Utopien&#8220;, der mit einer Reihe von provokanten und ironischen Vorschlägen Gegenwart und Zukunft aufgreift. Seine architektonische Forschung hat oft in der Logik der Integration derRead More &rarr;" />
<meta property="og:url" content="https://www.demosmobilia.ch/de/product/teppich-mod-2/" />
<meta property="og:site_name" content="demosmobilia" />
<meta property="article:publisher" content="https://www.facebook.com/Demos-Mobilia-1137017453131445/" />
<meta property="og:image" content="https://www.demosmobilia.ch/wp-content/uploads/2019/01/onde_ico_parisi_amini_carpets_001.jpg" />
	<meta property="og:image:width" content="1200" />
	<meta property="og:image:height" content="900" />
	<meta property="og:image:type" content="image/jpeg" />
<meta name="twitter:card" content="summary_large_image" />
<meta name="twitter:label1" content="Geschätzte Lesezeit" />
	<meta name="twitter:data1" content="1 Minute" />
<script type="application/ld+json" class="yoast-schema-graph">{"@context":"https://schema.org","@graph":[{"@type":"WebPage","@id":"https://www.demosmobilia.ch/de/product/teppich-mod-2/","url":"https://www.demosmobilia.ch/de/product/teppich-mod-2/","name":"Teppich mod. Wellen &#8211; demosmobilia","isPartOf":{"@id":"https://www.demosmobilia.ch/de/#website"},"primaryImageOfPage":{"@id":"https://www.demosmobilia.ch/de/product/teppich-mod-2/#primaryimage"},"image":{"@id":"https://www.demosmobilia.ch/de/product/teppich-mod-2/#primaryimage"},"thumbnailUrl":"https://www.demosmobilia.ch/wp-content/uploads/2019/01/onde_ico_parisi_amini_carpets_001.jpg","datePublished":"2019-01-27T11:00:00+00:00","dateModified":"2019-01-27T11:00:00+00:00","breadcrumb":{"@id":"https://www.demosmobilia.ch/de/product/teppich-mod-2/#breadcrumb"},"inLanguage":"de","potentialAction":[{"@type":"ReadAction","target":["https://www.demosmobilia.ch/de/product/teppich-mod-2/"]}]},{"@type":"ImageObject","inLanguage":"de","@id":"https://www.demosmobilia.ch/de/product/teppich-mod-2/#primaryimage","url":"https://www.demosmobilia.ch/wp-content/uploads/2019/01/onde_ico_parisi_amini_carpets_001.jpg","contentUrl":"https://www.demosmobilia.ch/wp-content/uploads/2019/01/onde_ico_parisi_amini_carpets_001.jpg","width":1200,"height":900},{"@type":"BreadcrumbList","@id":"https://www.demosmobilia.ch/de/product/teppich-mod-2/#breadcrumb","itemListElement":[{"@type":"ListItem","position":1,"name":"Home","item":"https://www.demosmobilia.ch/de/"},{"@type":"ListItem","position":2,"name":"Produkte","item":"https://www.demosmobilia.ch/de/shop/"},{"@type":"ListItem","position":3,"name":"Teppich mod. Wellen"}]},{"@type":"WebSite","@id":"https://www.demosmobilia.ch/de/#website","url":"https://www.demosmobilia.ch/de/","name":"demosmobilia","description":"Vintage Mid Century Modern Design Furniture from the &#039;30s to the &#039;80s","publisher":{"@id":"https://www.demosmobilia.ch/de/#organization"},"potentialAction":[{"@type":"SearchAction","target":{"@type":"EntryPoint","urlTemplate":"https://www.demosmobilia.ch/de/?s={search_term_string}"},"query-input":{"@type":"PropertyValueSpecification","valueRequired":true,"valueName":"search_term_string"}}],"inLanguage":"de"},{"@type":"Organization","@id":"https://www.demosmobilia.ch/de/#organization","name":"demosmobilia","url":"https://www.demosmobilia.ch/de/","logo":{"@type":"ImageObject","inLanguage":"de","@id":"https://www.demosmobilia.ch/de/#/schema/logo/image/","url":"https://www.demosmobilia.ch/wp-content/uploads/2020/07/demosmobilia-logo-2020-230-160.png","contentUrl":"https://www.demosmobilia.ch/wp-content/uploads/2020/07/demosmobilia-logo-2020-230-160.png","width":230,"height":160,"caption":"demosmobilia"},"image":{"@id":"https://www.demosmobilia.ch/de/#/schema/logo/image/"},"sameAs":["https://www.facebook.com/Demos-Mobilia-1137017453131445/","https://www.instagram.com/demosmobilia/"]}]}</script>
<!-- / Yoast SEO plugin. -->

Ico Parisi (Palermo 1916 &#8211; Como 1996) war eine der besonders ausdrucksstarken Figuren der &#8218;900er Kultur. Im Jahr 1936 beginnt er eine Lehre im Studio Terragni und 1950 schließt er sein Architekturstudium in Lausanne ab. Im Laufe seiner Karriere arbeitet er als Architekt (man erinnere sich u.a. an den Pavillon Soggiorno der X. Triennale in Mailand, 1954, an die Kirche Santa Maria dell&#8217;Osa in Fonteblanda, Grosseto, 1962, und an zahlreiche Privathäuser), als Designer (Möbel, Objekte, Brillen usw.), als &#8222;Mann der Utopien&#8220;, der mit einer Reihe von provokanten und ironischen Vorschlägen Gegenwart und Zukunft aufgreift. Seine architektonische Forschung hat oft in der Logik der Integration derRead More &rarr;
